241?
1
What is the units digit of 184?
4
What is the hundreds digit of 90470?
4
What is the hundreds digit of 1523?
5
What is the ten thousands digit of 62276?
6
What is the hundreds digit of 11856?
8
What is the units digit of 169?
9
What is the hundreds digit of 5664?
6
What is the hundreds digit of 923?
9
What is the hundreds digit of 20217?
2
What is the hundreds digit of 8927?
9
What is the units digit of 158558?
8
What is the tens digit of 204?
0
What is the tens digit of 20891?
9
What is the tens digit of 49436?
3
What is the hundreds digit of 6784?
7
What is the hundreds digit of 5186?
1
What is the tens digit of 73?
7
What is the tens digit of 1276?
7
What is the units digit of 1111?
1
What is the tens digit of 7049?
4
What is the tens digit of 2954?
5
What is the hundreds digit of 16588?
5
What is the hundreds digit of 45422?
4
What is the units digit of 3177?
7
What is the units digit of 586?
6
What is the units digit of 34442?
2
What is the units digit of 35494?
4
What is the tens digit of 4682?
8
What is the ten thousands digit of 28053?
2
What is the hundreds digit of 6863?
8
What is the units digit of 83613?
3
What is the thousands digit of 35325?
5
What is the tens digit of 7264?
6
What is the hundreds digit of 19397?
3
What is the hundred thousands digit of 119718?
1
What is the thousands digit of 2234?
2
What is the tens digit of 511?
1
What is the units digit of 44880?
0
What is the units digit of 58882?
2
What is the thousands digit of 2711?
2
What is the hundreds digit of 5555?
5
What is the ten thousands digit of 23543?
2
What is the thousands digit of 1332?
1
What is the thousands digit of 16164?
6
What is the units digit of 4595?
5
What is the thousands digit of 5438?
5
What is the hundreds digit of 10223?
2
What is the tens digit of 12815?
1
What is the tens digit of 149?
4
What is the tens digit of 132818?
1
What is the thousands digit of 19150?
9
What is the tens digit of 428?
2
What is the tens digit of 83317?
1
What is the thousands digit of 38051?
8
What is the hundreds digit of 603?
6
What is the ten thousands digit of 22500?
2
What is the thousands digit of 22933?
2
What is the hundreds digit of 21409?
4
What is the units digit of 8244?
4
What is the units digit of 18?
8
What is the thousands digit of 1968?
1
What is the ten thousands digit of 14723?
1
What is the hundreds digit of 56735?
7
What is the tens digit of 3352?
5
What is the tens digit of 1723?
2
What is the hundred thousands digit of 136943?
1
What is the tens digit of 84?
8
What is the tens digit of 171?
7
What is the thousands digit of 21300?
1
What is the tens digit of 847?
4
What is the units digit of 11776?
6
What is the tens digit of 2839?
3
What is the units digit of 1799?
9
What is the ten thousands digit of 36167?
3
What is the units digit of 246?
6
What is the units digit of 27069?
9
What is the hundreds digit of 745?
7
What is the tens digit of 6410?
1
What is the tens digit of 802?
0
What is the tens digit of 22227?
2
What is the hundreds digit of 3775?
7
What is the units digit of 270?
0
What is the hundreds digit of 12488?
4
What is the units digit of 443?
3
What is the thousands digit of 24770?
4
What is the thousands digit of 37502?
7
What is the units digit of 16060?
0
What is the units digit of 4754?
4
What is the tens digit of 1559?
5
What is the hundreds digit of 4000?
0
What is the hundreds digit of 1525?
5
What is the ten thousands digit of 60059?
6
What is the thousands digit of 95960?
5
What is the tens digit of 5678?
7
What is the thousands digit of 6490?
6
What is the thousands digit of 5126?
5
What is the tens digit of 112952?
5
What is the thousands digit of 22479?
2
What is the tens digit of 37180?
8
What is the units digit of 2109?
9
What is the units digit of 6473?
3
What is the tens digit of 1809?
0
What is the units digit of 417?
7
What is the units digit of 76006?
6
What is the hundreds digit of 1827?
8
What is the tens digit of 78022?
2
What is the hundreds digit of 4739?
7
What is the hundreds digit of 4973?
9
What is the units digit of 31903?
3
What is the hundred thousands digit of 124955?
1
What is the hundreds digit of 1501?
5
What is the tens digit of 651?
5
What is the hundreds digit of 33611?
6
What is the ten thousands digit of 31712?
3
What is the thousands digit of 20809?
0
What is the hundreds digit of 26747?
7
What is the hundreds digit of 4484?
4
What is the hundreds digit of 9406?
4
What is the units digit of 1139?
9
What is the units digit of 5304?
4
What is the hundreds digit of 8646?
6
What is the tens digit of 624?
2
What is the hundreds digit of 44123?
1
What is the thousands digit of 16947?
6
What is the ten thousands digit of 24249?
2
What is the tens digit of 38843?
4
What is the units digit of 3230?
0
What is the units digit of 329?
9
What is the units digit of 11752?
2
What is the tens digit of 1065?
6
What is the thousands digit of 7903?
7
What is the tens digit of 947?
4
What is the units digit of 865?
5
What is the thousands digit of 5592?
5
What is the units digit of 3149?
9
What is the units digit of 6980?
0
What is the hundreds digit of 612?
6
What is the units digit of 442?
2
What is the thousands digit of 6261?
6
What is the thousands digit of 1946?
1
What is the thousands digit of 68520?
8
What is the tens digit of 1125?
2
What is the ten thousands digit of 133485?
3
What is the hundreds digit of 1076?
0
What is the tens digit of 724?
2
What is the units digit of 2642?
2
What is the hundreds digit of 151313?
3
What is the hundreds digit of 8679?
6
What is the units digit of 17902?
2
What is the tens digit of 1329?
2
What is the hundreds digit of 2419?
4
What is the tens digit of 34093?
9
What is the thousands digit of 3317?
3
What is the units digit of 77033?
3
What is the tens digit of 1747?
4
What is the hundreds digit of 1173?
1
What is the units digit of 681?
1
What is the hundreds digit of 3722?
7
What is the hundreds digit of 566?
5
What is the tens digit of 18?
1
What is the thousands digit of 1043?
1
What is the hundreds digit of 8773?
7
What is the units digit of 31163?
3
What is the thousands digit of 1787?
1
What is the hundreds digit of 40778?
7
What is the tens digit of 79419?
1
What is the hundreds digit of 2073?
0
What is the tens digit of 112181?
8
What is the units digit of 504?
4
What is the tens digit of 1123?
2
What is the hundreds digit of 2368?
3
What is the tens digit of 526?
2
What is the thousands digit of 64845?
4
What is the ten thousands digit of 99094?
9
What is the thousands digit of 7211?
7
What is the tens digit of 31480?
8
What is the tens digit of 12790?
9
What is the thousands digit of 3983?
3
What is the thousands digit of 23387?
3
What is the tens digit of 2231?
3
What is the hundreds digit of 3817?
8
What is the hundreds digit of 13102?
1
What is the hundreds digit of 221?
2
What is the hundreds digit of 13945?
9
What is the units digit of 4099?
9
What is the ten thousands digit of 42874?
4
What is the tens digit of 372?
7
What is the tens digit of 2130?
3
What is the hundreds digit of 1282?
2
What is the thousands digit of 47626?
7
What is the units digit of 93565?
5
What is the ten thousands digit of 33421?
3
What is the hundreds digit of 14312?
3
What is the tens digit of 5177?
7
What is the tens digit of 9057?
5
What is the thousands digit of 1192?
1
What is the hundreds digit of 84755?
7
What is the hundreds digit of 795?
7
What is the hundreds digit of 2208?
2
What is the tens digit of 1345?
4
What is the tens digit of 670?
7
What is the thousands digit of 29780?
9
What is the ten thousands digit of 53501?
5
What is the units digit of 397?
7
What is the tens digit of 129814?
1
What is the units digit of 100505?
5
What is the thousands digit of 29513?
9
What is the tens digit of 24699?
9
What is the thousands digit of 2751?
2
What is the tens digit of 2481?
8
What is the units digit of 545?
5
What is the units digit of 362?
2
What is the thousands digit of 32647?
2
What is the tens digit of 9034?
3
What is the hundreds digit of 1161?
1
What is the tens digit of 4836?
3
What is the hundreds digit of 4748?
7
What is the tens digit of 2287?
8
What is the thousands digit of 1966?
1
What is the units digit of 385?
5
What is the hundreds dig